3) - -2) + 0. Suppose 42 = 5*x - 2*m, 0*x - d*m + 40 = 2*x. What is the units digit of x?
0
Let u be 1*(6 - 1/1). Suppose n = u*a - 135, 3*n + 135 = 5*a + 5*n. What is the tens digit of a?
2
Let s = -22 - -12. Let h be 6/(-15) - 394/s. Let p = h + -21. What is the units digit of p?
8
Let m be (16/(-6))/(2/(-15)). Suppose i - m = -1. What is the tens digit of i?
1
Suppose -5*w + 109 = 29. Let l = w + 0. What is the tens digit of l?
1
Let m(y) = 2*y**2 - y + 9. What is the tens digit of m(4)?
3
Suppose -d + 2*r + 6 = 0, d - 2 = 5*r + 13. Suppose -5*c + 3*z + 89 = d, 6*z - 4*z = -5*c + 74. What is the tens digit of c?
1
Let i = 9 + -5. Suppose 3*f + i = -f. Let g(o) = -20*o**3 + o. What is the units digit of g(f)?
9
Let x(n) = -n. Let p be x(-2). Let i = p - 1. What is the units digit of i?
1
Let j = 16 - 7. Let y = 12 - 8. Suppose q - 10 = -o, -y*o + 3 = -j. What is the units digit of q?
7
Let n(c) be the third derivative of -c**4/6 + c**3/6 - c**2. What is the units digit of n(-1)?
5
What is the tens digit of (0 - -1)/((-3)/(-9)) + 30?
3
Let d = -118 + 206. What is the tens digit of d?
8
Let m be (-110)/4*(-6)/5. Let b = 84 - m. What is the tens digit of b?
5
Suppose -2*y + 0*y = 0. Suppose 10 = 4*o - 5*n, -4*o + y*n + n = -18. What is the units digit of o?
5
Let r(g) = g**2 - 9*g - 9. Let f be r(10). Let d(c) = -c + 2. What is the units digit of d(f)?
1
Let g = -32 - -65. What is the units digit of g?
3
Let r(a) = -a - 1. Let b be r(-3). Suppose 5*y - x - 37 = 0, -2*y + x + 2 = -11. Suppose -4*i + 8 = -2*z, 0 = 4*i - b*i - y. What is the units digit of z?
4
What is the units digit of 14/(-70) + 212/10?
1
Let q = 28 - 23. Suppose 4*n + 17 = r + 2*r, 0 = 5*r + 5*n + 30. What is the units digit of q*(-1 - r*2)?
5
Let f = -259 - -375. What is the hundreds digit of f?
1
Suppose 0 = 2*b + 3*b + 2*k - 68, -24 = -3*b + 3*k. Let p = b - 20. Let x(j) = -j**3 - 8*j**2 - 2*j - 11. What is the units digit of x(p)?
5
Suppose 2*f - 6*f + 1336 = 0. What is the units digit of f?
4
Let w be (-1 + 2/2)/2. Let p = w + -4. Let c = 4 - p. What is the units digit of c?
8
Let u = -8 - -3. Let v = u + 6. What is the units digit of v?
1
Suppose 0 = 5*c - 3*q - 399, 6*c - 405 = c + 5*q. What is the tens digit of c?
7
Suppose 2*v = 4*l - 18, 2*v - 2 = -3*l + 15. What is the units digit of v?
1
Let y = 3 + 5. Suppose 4*i + u - 12 = 0, u = -i + 2*u + y. Suppose -k + 4 = -i. What is the units digit of k?
8
Let z(m) = m**2 + 11*m + 13. Let i be z(-10). Suppose h - 9 = -u - i*u, -8 = 2*u. What is the units digit of h?
5
Let n(g) = -g**2 - 5*g + 44. Let m be n(5). Let y(k) = k - 1. Let f(c) = -2. Let j(p) = -f(p) - 2*y(p). What is the units digit of j(m)?
6
Let p be ((-1)/3)/((-2)/24). Suppose 2*a - 14 = -5*f, -5*f + 0*a - p*a = -8. Suppose -l - 24 = -f*s + l, s - 24 = 5*l. What is the units digit of s?
4
Suppose -4*t + 459 = -2*t + m, 4*m = 3*t - 672. What is the tens digit of t?
2
What is the tens digit of (100/15)/((-4)/(-42))?
7
Suppose -4*q = -3*f - 0*q + 89, -5*f + 2*q = -167. What is the tens digit of f?
3
Suppose 0*x + 8 = -4*x, 3*i = -x + 19. Let j = 1 + 1. Suppose -j*l = -i - 9. What is the units digit of l?
8
Let a(b) = -b**3 - b**2 + 2*b + 1. Let t be a(-2). What is the units digit of (-21)/(-6)*(t + 1)?
7
Suppose -h + 4*o + 16 = 0, -25 = -h - o - 4*o. What is the tens digit of h?
2
Suppose 0 = -2*c - 5*o + 1, -4*o = 2*c. Suppose -3*v + v + 2 = 0. What is the units digit of 8 + c/2 + v?
8
Let w(f) = f**2 - 3*f + 1. What is the units digit of w(-6)?
5
Suppose v - 5 + 2 = 0. What is the units digit of v*7*1/3?
7
Let u(r) = -r**3 - 8*r**2 + 10*r + 12. Let k be u(-9). Suppose -40 = 2*a - 4*a. Suppose 2*m - 3*m = 4*j - a, 0 = k*m + 3*j - 33. What is the units digit of m?
8
Let s = 9 - 15. Let o be (-26)/s + (-1)/3. Suppose -4*k = 3*h - 69, 5*h - o*k - 96 = -13. What is the tens digit of h?
1
Let n = 8 - -1. Suppose j = -4*d + n, -2*j + j + 2*d - 3 = 0. What is the units digit of j?
1
Let c be 0/(0 + 4 - 3). Let w be 0/(-2) + (2 - c). Suppose 2*i - 5*y - 2 = -0, -3*i + 41 = w*y. What is the units digit of i?
1
Suppose -5*t = 4*c + 55, -4*c + 15 = -2*t - 7. Let g = 7 + t. What is the units digit of (2 - (-10)/g)*-36?
8
Let c(i) = -11*i**3 + i**2. Let s be c(-1). Let v(g) = g**3 - 13*g**2 + 17*g - 17. What is the units digit of v(s)?
3
Let j(b) = -3*b**2 - 3*b - 2*b**2 - 7*b - 12 + 4*b**2. Let m = 6 - 14. What is the units digit of j(m)?
4
Let w = 1 - -1. Suppose w*q - 4*u + 2 = q, -u = 3. Let y = -5 - q. What is the units digit of y?
9
Let p(u) = 4*u + 34. What is the units digit of p(13)?
6
Suppose -a = 2*n - 40, 5*a + n - 189 = 11. What is the units digit of a?
0
Let p = 34 - 16. Suppose -3*x + 5*t = -p, 3*t = x - t - 13. What is the units digit of x?
1
Let s be 45/6 - (-1)/2. Suppose s = -5*i + 23. Let g = 4 - i. What is the units digit of g?
1
Let s be 2/(-10) + 11/55. Let c(m) = 0*m**3 - m**3 + m**2 + 11 - m - 2. What is the units digit of c(s)?
9
Let l(a) = 48*a - 24. What is the tens digit of l(5)?
1
Let x(y) = -13*y + 13. What is the tens digit of x(-10)?
4
Let p(z) = -2*z**3 - 2*z**2 - 3*z. Let g be p(-2). What is the tens digit of 20/(-70) - (-284)/g?
2
Suppose 2*o = -2*o - 36. Let v = o - -26. What is the units digit of v?
7
Suppose 0 = -0*k + k + 4*p - 34, -2*p = -3*k + 74. What is the units digit of k?
6
Suppose 5*a - 1 + 26 = 0. Let i = -3 - a. Suppose -l - 35 = -4*n + i*l, -4*l = n + 15. What is the units digit of n?
5
Suppose -5*s - 909 + 2343 = 2*h, -282 = -s - 2*h. What is the tens digit of s?
8
Let i(y) = -y**3 - 3*y**2 - y - 2. What is the units digit of i(-5)?
3
Suppose -2*r = 1 + 1. Let b = r + 19. What is the tens digit of b?
1
Let d(g) = g**2 - 1 + 3*g**2 - 4*g**2 + 3*g**2. Let s be d(1). Suppose 3*i - s*i - 10 = 0. What is the units digit of i?
0
Let k(j) = j + 12. What is the units digit of k(0)?
2
Suppose 4*c + 2*y - 986 = 0, -4*c + 2*y = -3*y - 979. What is the units digit of c?
6
Let u be -1*1 - 0/3. Let z be -3*(u + (-3)/(-9)). Suppose 0 = -z*p - 2*a + 16, 0 = -3*p + 5*a + 30 + 10. What is the tens digit of p?
1
Let v(p) = p**2 + 3*p + 3. Let f be v(-2). Suppose -f + 4 = -u. Let b = u + 7. What is the units digit of b?
4
Suppose 0 = 3*o - 27. What is the units digit of 2*o/12*6?
9
Let u be -1*(2 - (-3)/(-3)). Let d be (0 - -24) + (-1 - u). Suppose 2*z + d = 7*z + 3*v, -5*z + v = -32. What is the units digit of z?
6
Let k = 142 + -60. Suppose 3*a = 74 + k. What is the units digit of a?
2
Let f(g) = 4*g**2. Let m be f(-3). Let l = 66 - m. Suppose -4*v + 0 + 20 = 4*b, -2*b + l = -2*v. What is the tens digit of b?
1
What is the units digit of ((-294)/(-9) + -2)*3?
2
Let w(n) = n**2 + 8*n + 2. What is the tens digit of w(7)?
0
Suppose -5 = -4*x + 15. What is the units digit of 0/(-2 + x) + 3?
3
Let b(x) = 3*x + x - 3*x + 5. Let t be (0 + 1)*(2 + -6). What is the units digit of b(t)?
1
Let u(b) = -4*b. Let j be u(-7). Let m = 48 - j. What is the units digit of m?
0
Suppose 4*v - 2*v = -2, -v - 55 = -3*a. Suppose k + a = 2*k. What is the units digit of k?
8
Suppose 2*h = 8, -3*p = -0*p - 4*h + 22. Let y(b) = -2*b - 2*b - 3*b - 3. What is the tens digit of y(p)?
1
Let u(s) = -5*s**3 - s. Let f be u(1). What is the units digit of 150/14 - f/21?
1
Suppose 3 = 2*w - 5. Suppose -2*y = 4*a - 50, 5*a - w*a - 4*y + 10 = 0. What is the tens digit of a?
1
Let k(j) = j**2 - 4*j - 6. Let n be k(5). What is the tens digit of (5 - n)*(-4)/(-2)?
1
Suppose -3*m + 4*m = 30. What is the units digit of m?
0
Let v = 18 + -11. What is the units digit of 99/21 + 2/v?
5
What is the units digit of 52/((-2)/2 - -2)?
2
Suppose 0 = 4*b - 70 - 110. Suppose -2*w + 2*s + 9 = -7, -3*w - 5*s + 8 = 0. Suppose w*h - b = h. What is the units digit of h?
9
Suppose -3*c + 21 = -2*c. What is the tens digit of ((-45)/c - -3)*14?
1
Let w = -15 - -6. Let a = w - -37. What is the tens digit of a?
2
Let x = 1 - -20. What is the units digit of x?
1
Suppose 5*w - 4*p - 600 = -0*p, 2*w - 4*p - 240 = 0. What is the units digit of w?
0
Let a(v) = -v**3 - 10*v**2 - 11*v - 15. Let y be a(-9). Suppose -57 = -s - 5*h, -3*s = -8*s - y*h + 241. What is the tens digit of s?
4
Let h(q) = 8*q**2 + 2*q + 1. Let k be h(-1). Let y = k + 2. What is the units digit of y?
9
Suppose -a = 4*i + 3, i + 2*a = 